9?
107
Calculate the greatest common factor of 6280 and 27946.
314
What is the greatest common factor of 419728 and 222?
74
Calculate the highest common divisor of 117 and 85631.
13
What is the greatest common factor of 420 and 1610?
70
Calculate the greatest common divisor of 6220513 and 1261.
1261
Calculate the greatest common factor of 409 and 113293.
409
Calculate the greatest common divisor of 70609 and 1078.
539
Calculate the highest common factor of 3444 and 902.
82
What is the greatest common divisor of 19 and 1292551?
19
Calculate the greatest common factor of 11397 and 232.
29
Calculate the highest common factor of 6 and 13563.
3
What is the highest common divisor of 1650461 and 167?
167
What is the greatest common factor of 411 and 1644685?
137
Calculate the highest common factor of 160 and 314305.
5
Calculate the greatest common divisor of 1497496 and 3872.
968
What is the greatest common factor of 255704 and 8?
8
Calculate the greatest common factor of 47950 and 21.
7
Calculate the highest common factor of 18880 and 100.
20
Calculate the highest common factor of 5780 and 50660.
340
Calculate the highest common factor of 24345 and 180.
45
What is the highest common divisor of 236166 and 42?
42
What is the highest common divisor of 17887 and 139057?
577
What is the highest common factor of 19720 and 4060?
580
Calculate the greatest common factor of 59927 and 343.
49
Calculate the highest common divisor of 345 and 17135.
115
Calculate the greatest common factor of 8710 and 24254.
134
Calculate the greatest common factor of 26935 and 10.
5
What is the highest common factor of 102 and 2496?
6
What is the highest common factor of 4046531 and 947?
947
Calculate the greatest common divisor of 41188 and 812.
28
What is the greatest common divisor of 443547 and 2?
1
What is the greatest common divisor of 83 and 8518041?
83
Calculate the highest common factor of 140 and 24040.
20
Calculate the highest common factor of 2619 and 145791.
873
What is the greatest common factor of 17 and 7211978?
17
Calculate the highest common divisor of 30200 and 250.
50
What is the highest common divisor of 1314245 and 244?
61
What is the greatest common divisor of 6952 and 2904?
88
Calculate the highest common divisor of 261146 and 666.
74
Calculate the highest common divisor of 22 and 14355.
11
Calculate the greatest common divisor of 181698 and 1122.
66
Calculate the highest common factor of 16201 and 149621.
953
Calculate the greatest common factor of 4732 and 252.
28
Calculate the greatest common factor of 128706 and 95.
19
What is the highest common factor of 45 and 10095?
15
What is the greatest common divisor of 1614223 and 52?
13
What is the greatest common divisor of 2541 and 36?
3
What is the highest common factor of 1080 and 4185?
135
What is the greatest common divisor of 1074 and 4?
2
Calculate the greatest common factor of 254916 and 72.
36
What is the greatest common factor of 3215 and 315?
5
Calculate the highest common factor of 108076 and 164.
164
Calculate the greatest common factor of 255 and 191335.
85
Calculate the greatest common divisor of 9017038 and 102.
34
Calculate the greatest common factor of 624 and 4772976.
624
Calculate the greatest common factor of 119 and 8449.
119
Calculate the highest common divisor of 2156324 and 2564.
2564
Calculate the highest common factor of 171 and 704463.
57
Calculate the greatest common divisor of 87 and 484503.
87
Calculate the greatest common factor of 8106 and 287.
7
What is the highest common divisor of 182184 and 216?
24
Calculate the greatest common divisor of 13125 and 735.
105
Calculate the greatest common divisor of 660 and 2400420.
660
Calculate the greatest common divisor of 2012179 and 1612.
403
Calculate the highest common divisor of 60 and 618396.
12
What is the highest common factor of 103 and 8?
1
Calculate the highest common divisor of 52 and 81367.
13
Calculate the greatest common factor of 8350 and 41416.
334
What is the greatest common factor of 104 and 3054532?
52
What is the highest common factor of 21502 and 1651?
13
Calculate the greatest common divisor of 365272 and 16.
8
Calculate the greatest common factor of 1148228 and 4.
4
Calculate the highest common factor of 72 and 16960.
8
Calculate the highest common divisor of 11205 and 825.
15
Calculate the greatest common divisor of 1085 and 152117.
217
What is the highest common factor of 3424074 and 246?
246
Calculate the highest common factor of 1405162 and 11.
11
What is the greatest common factor of 90 and 19395?
45
Calculate the greatest common divisor of 1463802 and 339.
339
What is the greatest common divisor of 1154043 and 33?
33
What is the highest common factor of 219373 and 26677?
259
What is the greatest common divisor of 449438 and 8866?
682
Calculate the greatest common factor of 665911 and 124.
31
Calculate the highest common divisor of 880376 and 84.
28
Calculate the highest common factor of 643933 and 584.
73
Calculate the highest common divisor of 1992 and 41002.
166
Calculate the greatest common factor of 420 and 123690.
210
Calculate the greatest common factor of 390793 and 39.
13
Calculate the highest common factor of 15562 and 1457.
31
What is the highest common divisor of 9782 and 1742?
134
What is the greatest common divisor of 354132 and 972?
324
Calculate the highest common divisor of 625 and 120.
5
Calculate the greatest common divisor of 6350 and 65278.
254
Calculate the highest common divisor of 40598 and 26044.
766
What is the greatest common factor of 797598 and 607?
607
What is the greatest common divisor of 20 and 3676?
4
Calculate the highest common factor of 50264 and 68392.
824
What is the greatest common factor of 660 and 18030?
30
Calculate the highest common factor of 19082 and 25333.
329
What is the highest common divisor of 310 and 17825?
155
What is the highest common factor of 828 and 4500?
36
Calculate the highest common divisor of 10 and 224880.
10
What is the greatest common divisor of 21000 and 448?
56
What is the highest common factor of 39006 and 88?
22
Calculate the greatest common divisor of 24592 and 116.
116
Calculate the greatest common factor of 24284 and 32690.
934
What is the greatest common divisor of 4288 and 11926?
134
What is the highest common factor of 7497 and 333?
9
Calculate the greatest common divisor of 4095 and 1729.
91
Calculate the highest common divisor of 11932 and 13031.
157
Calculate the greatest common factor of 14 and 113323.
7
Calculate the highest common factor of 170 and 2285.
5
What is the greatest common factor of 131827 and 964?
241
What is the greatest common factor of 410 and 259530?
410
What is the greatest common factor of 45049 and 38?
19
Calculate the greatest common divisor of 38252 and 227176.
292
Calculate the greatest common divisor of 9971 and 177.
59
What is the highest common factor of 133504 and 6400?
128
What is the greatest common factor of 344131 and 323?
17
Calculate the highest common factor of 37233 and 84.
21
Calculate the greatest common factor of 494 and 53378.
26
What is the highest common divisor of 7094399 and 13?
13
What is the greatest common divisor of 606 and 459550?
202
Calculate the greatest common factor of 133093 and 51.
17
What is the highest common divisor of 64 and 1256?
8
Calculate the greatest common divisor of 979719 and 26.
13
Calculate the highest common divisor of 429 and 24585.
33
What is the greatest common factor of 74 and 131609?
37
What is the highest common factor of 12707 and 50537?
97
Calculate the highest common factor of 64 and 24832.
64
Calculate the greatest common divisor of 89424 and 207.
207
What is the greatest common factor of 33 and 156189?
33
What is the highest common factor of 16733 and 9193?
29
Calculate the highest common factor of 3845 and 15.
5
Calculate the highest common factor of 2167240 and 40.
40
Calculate the greatest common divisor of 260 and 441740.
260
Calculate the highest common factor of 1209 and 1982357.
403
What is the greatest common factor of 8568 and 25398?
306
What is the greatest common factor of 56 and 17640?
56
Calculate the highest common divisor of 164941 and 21.
7
Calculate the highest common divisor of 12992 and 493.
29
Calculate the greatest common